n?
9
Let l(g) = 5*g - 80. Calculate the remainder when l(24) is divided by 14.
12
Let l be (-4)/(-2)*(2 + 0). Suppose -10 = -3*s - 5*z, 8*s - 3*z - 23 = l*s. Calculate the remainder when s is divided by 2.
1
Suppose 3*u = 42 + 21. Calculate the remainder when u is divided by 12.
9
Let g = -10 - -13. Calculate the remainder when 35 is divided by (g/(-3))/((-2)/24).
11
Let c(h) = 2*h - 3. What is the remainder when c(4) is divided by 3?
2
Suppose 2*m = -0*m + 450. Suppose 0 = -4*r - 13 + m. Suppose -4*v + v = -54. Calculate the remainder when r is divided by v.
17
Let x be 1/2*(-6 - -8). Calculate the remainder when 3 is divided by x + (-3)/(3/(-1)).
1
Suppose d + 0 = 9. What is the remainder when d is divided by 12/(30/5 + -4)?
3
Let g(h) = 2 + 14 + 11*h - 9*h. What is the remainder when g(0) is divided by 6?
4
Let j = 28 + -1. What is the remainder when 52 is divided by j?
25
Suppose 0 = 4*u - 12*u + 800. What is the remainder when u is divided by 22?
12
Suppose 0 = -0*p - 2*p. Suppose -n - 21 = -3*f, p*n - 4*f = 4*n + 4. Let l = n + 14. What is the remainder when 15 is divided by l?
7
Suppose 3*f + 3*x - 112 = x, -5*f = -5*x - 195. Suppose -4*j - f = -166. What is the remainder when j is divided by 11?
10
Suppose -49*b + 54*b = 60. Calculate the remainder when 31 is divided by b.
7
Suppose -2*x - j - 4*j + 4 = 0, 4*x - 4*j = 36. Suppose -3*n = 3, 0*n + 12 = 4*d + 4*n. Calculate the remainder when x is divided by d.
3
Let h(i) = i**3 + 11*i**2 - 13*i + 12. Calculate the remainder when 143 is divided by h(-12).
23
Let y = -3 + 0. Let g = y + 5. Suppose -k - g*k = -48. What is the remainder when k is divided by 6?
4
Let h = 76 + -33. What is the remainder when h is divided by 12*1*20/16?
13
Suppose 10 = 5*m - 40. Calculate the remainder when m is divided by 7.
3
Let p = 34 + -80. Calculate the remainder when 36 - (3 + (1 - 2)) is divided by 5/10 + p/(-4).
10
Suppose -3*b - b = -12. Suppose -18 = w - 4*w. Let k = w - b. Calculate the remainder when 11 is divided by k.
2
Let d(a) = a + 2. Let s be d(-5). Let u = 12 + s. Suppose -2*i = i - 48. What is the remainder when i is divided by u?
7
Let n(l) = 2*l**2 - 6*l - 3. Let a = 10 + -14. Calculate the remainder when n(a) is divided by 14.
11
Let g(a) = 32*a**2 - 7*a + 6. Calculate the remainder when 75 is divided by g(1).
13
Let i(c) = 4*c**2 - c**2 - 2*c**2 + 64 + 0. Calculate the remainder when i(0) is divided by 22.
20
Let r(g) be the second derivative of -g**3/6 - 2*g**2 + 2*g. Let u be r(-3). What is the remainder when 5 is divided by 5*(u - (-14)/10)?
1
What is the remainder when 65 is divided by ((-280)/50)/(3/((-15)/2))?
9
Let d = -117 + 222. Let f = -58 + d. What is the remainder when f is divided by 10?
7
Let z be (0 - -1)/((-10)/30). Calculate the remainder when (3/6)/(z/(-174)) is divided by 16.
13
Let t(d) = 2*d - 3. Let k(i) = -i**2 + 8*i - 6. Let f be k(6). Calculate the remainder when 34 is divided by t(f).
7
Suppose -391 = -3*h + 2*y, -4*h - 2*y = -399 - 99. Suppose -2*a - 3*a = b - h, -a + 23 = b. What is the remainder when a is divided by 9?
8
Let x = -45 + 98. What is the remainder when x is divided by 18?
17
Suppose 8 = 2*k, -5*x + 2 = -2*k - 65. Suppose d - x = -4*d. Suppose -q + 5 = 0, -3*r + d = -4*q + 2. What is the remainder when 13 is divided by r?
6
Let o(f) = 8*f - 3. Suppose -6 - 10 = -2*g. Suppose -4*k + g = 0, -5*h - k + 34 = -18. What is the remainder when o(4) is divided by h?
9
Let h = -17 - -22. What is the remainder when 7 is divided by h?
2
Suppose -26 = 5*s - 4*t, -4*s - 3*t + 8 = -2*s. Suppose -467 + 23 = -12*v. Calculate the remainder when v is divided by ((-13)/2 + 0)*s.
11
Suppose -2*z - 42 + 78 = 0. Calculate the remainder when z is divided by 10.
8
Calculate the remainder when 56 is divided by 22 - (12/10)/(16/40).
18
Let v be (2/(-2) - -2) + -12. Let y(w) = -143 + w**2 + 66 + 74 + 8*w. Calculate the remainder when y(v) is divided by 8.
6
Suppose -805 = -3*p - 20*p. Calculate the remainder when 102 is divided by p.
32
Suppose -5*s = -45 - 100. Calculate the remainder when s is divided by 8.
5
Let v(d) = 3*d + 6. Let j be v(-4). Let o = -15 - -23. What is the remainder when o is divided by 2/1*(-9)/j?
2
Suppose l + 60 = 5*l + 4*z, 0 = 3*l + 5*z - 49. What is the remainder when 63 is divided by l?
11
Let s = 53 - 77. Let r = s - -59. What is the remainder when r is divided by 12?
11
Suppose 0 = 2*x - z - z - 42, 0 = 5*x - 4*z - 102. Let i be 16/72 - (-968)/x. Let f = i + -24. What is the remainder when f is divided by 16?
14
Suppose 1028 - 69 = 7*w. What is the remainder when w is divided by 23?
22
Let c(o) = o**3 - 3*o**2 + 2. Let d be c(2). Let t = 6 + d. What is the remainder when t is divided by 2?
0
Suppose -3*v + 17 = -o + 4, 0 = -v - 2*o + 2. Suppose v*z - 26 = 22. What is the remainder when z is divided by 7?
5
Suppose 2 = u - 3. Suppose 0 = f - u*f + 20. Suppose -f*y + 114 = 3*d - 0*y, 4*y + 38 = d. What is the remainder when d is divided by 10?
8
What is the remainder when (4 + -3)*(-46)/(-2) is divided by 6?
5
Let d be 18/(-117) + 30/26. Suppose d = -h + 7. What is the remainder when 22 is divided by h?
4
Let f(n) be the third derivative of n**5/60 - n**4/6 - 3*n**2. Let b be f(8). What is the remainder when 14 is divided by (40/b)/(1/4)?
4
What is the remainder when 10*(5/2 - 2) is divided by (-9 + 8)/(3/(-12))?
1
Suppose -x = -3, 4*o + 4*x - 75 = -x. Suppose 4*k - 251 = -0*k + 3*b, k - 79 = 4*b. Calculate the remainder when k is divided by o.
14
Calculate the remainder when 78 is divided by (6/(-5))/(22/(-165)).
6
Suppose -i + 22 = l, 3*i - 3*l = 9 + 69. What is the remainder when 166 is divided by i?
22
Let n be 1/(-5) + 12/10. What is the remainder when 2 - n*(-1 - 0) is divided by 2?
1
Suppose 5*h + 2*r + 0*r = -51, -r - 3 = 0. Let s be (-26)/6*(-5 + 2). Let o = h + s. Calculate the remainder when 7 is divided by o.
3
Let o be (8/10)/((-4)/(-10)). Let k = -3 - -8. Suppose -2*n + 128 = -4*w, -k = o*w + 3. Calculate the remainder when n is divided by 19.
18
Suppose r + 4 - 9 = 0. Suppose -r*w + 6 = -4. Suppose 18 = w*p - 8. What is the remainder when 37 is divided by p?
11
Let l be 5*(1 + (-3)/5). Suppose l*o - 39 = -5*b, -5*b + 5*o + 26 = 1. Suppose j - 16 = -3*j. Calculate the remainder when b is divided by j.
3
Let y = 44 + -29. Suppose -d = -4*z + d + 22, 3*d = -2*z + 23. Let k(r) = 2*r - 10. Calculate the remainder when y is divided by k(z).
3
Suppose -5*k = 2*q - 113, 6*q + k = 4*q + 101. Calculate the remainder when q is divided by 19.
11
Let u = 4 - 2. What is the remainder when 7 is divided by u?
1
Suppose -5*v + 0*v = -80. Calculate the remainder when v is divided by 10.
6
Suppose -3*r - 6 = -5*r, 0 = 3*v + r - 54. Calculate the remainder when 66 is divided by v.
15
Let u = -65 + 171. What is the remainder when u is divided by 12?
10
What is the remainder when 6/45 + 5/(-225)*-129 is divided by 1?
0
What is the remainder when (-1)/(-9)*3*(102 + 0) is divided by 8?
2
Suppose 4*k - 49 - 11 = 0. Suppose -z + 3*z = 86. What is the remainder when z is divided by k?
13
Suppose 2*l = -2*l + 44. Suppose 2*k + 3*r = -k + 27, -3*k + 29 = 4*r. Calculate the remainder when l is divided by k.
4
Suppose -5*j = -0*j - 15, 5*g + 5*j - 235 = 0. Suppose 0 = -5*i + g - 14. Let c = i + -3. Calculate the remainder when 7 is divided by c.
1
Suppose -l + 24 - 5 = 0. Calculate the remainder when l is divided by 4 + -1 - 32/(-4).
8
Let q(i) = -4*i + 8. What is the remainder when q(-4) is divided by 5?
4
Suppose -3*k = -2*k - 20. Calculate the remainder when k is divided by 6 - -2*1 - (-11 - -8).
9
Let f be (-4)/12 + (-26)/(-6). Suppose 2*q - 5*s = 56, f*q - 68 = 3*s + 30. What is the remainder when q is divided by 6?
5
Let w = -22 - -14. Calculate the remainder when 16*(-2 - 0 - -3) is divided by (36/15)/(w/(-20)).
4
Let k(i) = 5*i + 6. Let u be k(-4). Let r = u - -21. Calculate the remainder when r is divided by 2.
1
Let c = 5 + 8. What is the remainder when c is divided by 4?
1
Suppose 0*v + 2*v = 350. Suppose 5*r - v = -4*x, 2*x + 0*r + 4*r - 92 = 0. Calculate the remainder when x is divided by 14.
12
Suppose r = 2*r - 32. Suppose 4*t - z - r = 0, -5*t + z + 51 = -3*z. Calculate the remainder when t is divided by 2.
1
What is the remainder when 18 is